{"id":2,"date":"2015-01-23T09:08:24","date_gmt":"2015-01-23T09:08:24","guid":{"rendered":"http:\/\/www.luviaseor.com\/?page_id=2"},"modified":"2026-04-28T07:36:14","modified_gmt":"2026-04-28T07:36:14","slug":"esimerkkisivu","status":"publish","type":"page","link":"https:\/\/www.luviaseor.com\/","title":{"rendered":"Kotiseutuyhdistys Luvia Seor ry"},"content":{"rendered":"<p>Kaikkien kotiseututy\u00f6st\u00e4 kiinnostuneiden yhdistys<\/p>\n<p>Paikallisen omaleimaisuuden esille tuominen ja kotiseutuhengen yll\u00e4pit\u00e4minen perinteeseen nojautuen ovat vuonna 1952 toimintansa aloittaneen kotiseutuyhdistys Luvia Seor ry tavoitteita. Luvia Seor ry on kaikkien kotiseutunsa menneisyydest\u00e4, nykyisyydest\u00e4 ja tulevaisuudesta kiinnostuneiden ihmisten yhdistys. Perinteen tallentaminen ja vaaliminen ovat t\u00e4rkeit\u00e4 kotiseututy\u00f6n teht\u00e4vi\u00e4 sek\u00e4 ihmisten kiintymyksen lis\u00e4\u00e4minen kotiseutuun.<\/p>\n<p>&nbsp;<\/p>\n<h4><span style=\"color: #0000ff;\">Luvian kotiseutumuseo<\/span><\/h4>\n<p>Luvia Seor ry yll\u00e4pit\u00e4\u00e4 ja kehitt\u00e4\u00e4 Luvian ydinkeskustassa sijaitsevaa\u00a0kotiseutumuseota (Myllykuja 3B)<\/p>\n<p>Kotiseutumuseolle on nyt tehty eMuseo-mobiiliopas. Sen avulla museoon tutustuminen on helpompaa.<\/p>\n<p><span style=\"color: #000000;\">Tervetuloa tutustumaan Luvian kotiseutumuseon mobii\u00adlioppaaseen:<\/span><br \/>\n<span style=\"color: #0000ff;\"><a style=\"color: #0000ff;\" href=\"https:\/\/emuseo.fi\/luviankotiseutumuseo\">https:\/\/emuseo.fi\/luviankotiseutumuseo<\/a><\/span><\/p>\n<h4><span style=\"color: #0000ff;\">Luviap\u00e4iv\u00e4 14.6. klo 13-16.<\/span><\/h4>\n<p><strong>Kotiseutumuseon aukioloajat:<\/strong><br \/>\n<strong>Avoinna torstaisin klo 13-18 aikav\u00e4lill\u00e4 25.6.-13.8.2026<\/strong><\/p>\n<h4><span style=\"color: #0000ff;\">Makasiinin n\u00e4yttely<\/span><\/h4>\n<p>Luvian historiasta kertova n\u00e4yttely<\/p>\n<h4><span style=\"color: #0000ff;\">Kotiseutulehti<\/span><\/h4>\n<p>Seuramme julkaisee yhteisty\u00f6ss\u00e4 Eurajoen kotiseutuyhdistyksen kanssa kotiseutulehte\u00e4. Lehden pdf-tiedosto on ladattavissa t\u00e4st\u00e4 <a href=\"http:\/\/www.luviaseor.com\/wp-content\/uploads\/2026\/04\/Kotiseutulehti-2026-kevat.pdf\">Kotiseutulehti 2026 kev\u00e4t<\/a><\/p>\n<h4><span style=\"color: #0000ff;\">Liity j\u00e4seneksi<\/span><\/h4>\n<p>Tule mukaan toimintaan ja liity j\u00e4seneksi kotiseutuyhdistykseen! Maksa j\u00e4senmaksu 15 \u20ac. Mik\u00e4li haluat ainaisj\u00e4seneksi maksa 100 euroa. Tilinumero:FI56 5246 0640 0045 14.<\/p>\n<p>L\u00e4het\u00e4 nimi- ja osoitetietosi ahonterttu@gmail.com<\/p>\n","protected":false},"excerpt":{"rendered":"<p>Kaikkien kotiseututy\u00f6st\u00e4 kiinnostuneiden yhdistys Paikallisen omaleimaisuuden esille tuominen ja kotiseutuhengen yll\u00e4pit\u00e4minen perinteeseen nojautuen ovat vuonna 1952 toimintansa aloittaneen kotiseutuyhdistys Luvia Seor ry tavoitteita. Luvia Seor ry on kaikkien kotiseutunsa menneisyydest\u00e4, nykyisyydest\u00e4 ja tulevaisuudesta kiinnostuneiden ihmisten yhdistys. Perinteen tallentaminen ja vaaliminen ovat t\u00e4rkeit\u00e4 kotiseututy\u00f6n teht\u00e4vi\u00e4 sek\u00e4 ihmisten kiintymyksen lis\u00e4\u00e4minen kotiseutuun. &nbsp; Luvian kotiseutumuseo Luvia Seor ry&hellip; <a href=\"https:\/\/www.luviaseor.com\/\">Continue reading&#8230;<\/a><\/p>\n","protected":false},"author":1,"featured_media":0,"parent":0,"menu_order":0,"comment_status":"open","ping_status":"open","template":"","meta":{"footnotes":""},"class_list":["post-2","page","type-page","status-publish","hentry"],"_links":{"self":[{"href":"https:\/\/www.luviaseor.com\/index.php?rest_route=\/wp\/v2\/pages\/2","targetHints":{"allow":["GET"]}}],"collection":[{"href":"https:\/\/www.luviaseor.com\/index.php?rest_route=\/wp\/v2\/pages"}],"about":[{"href":"https:\/\/www.luviaseor.com\/index.php?rest_route=\/wp\/v2\/types\/page"}],"author":[{"embeddable":true,"href":"https:\/\/www.luviaseor.com\/index.php?rest_route=\/wp\/v2\/users\/1"}],"replies":[{"embeddable":true,"href":"https:\/\/www.luviaseor.com\/index.php?rest_route=%2Fwp%2Fv2%2Fcomments&post=2"}],"version-history":[{"count":78,"href":"https:\/\/www.luviaseor.com\/index.php?rest_route=\/wp\/v2\/pages\/2\/revisions"}],"predecessor-version":[{"id":327,"href":"https:\/\/www.luviaseor.com\/index.php?rest_route=\/wp\/v2\/pages\/2\/revisions\/327"}],"wp:attachment":[{"href":"https:\/\/www.luviaseor.com\/index.php?rest_route=%2Fwp%2Fv2%2Fmedia&parent=2"}],"curies":[{"name":"wp","href":"https:\/\/api.w.org\/{rel}","templated":true}]}}