{"id":57,"date":"2016-02-05T11:59:37","date_gmt":"2016-02-05T11:59:37","guid":{"rendered":"http:\/\/www.luviaseor.com\/?page_id=57"},"modified":"2020-06-27T05:45:49","modified_gmt":"2020-06-27T05:45:49","slug":"knapernummen-ampumahaudat","status":"publish","type":"page","link":"http:\/\/www.luviaseor.com\/?page_id=57","title":{"rendered":"Knapernummen ampumahaudat"},"content":{"rendered":"<p>Vuosina 1915-1916 rakennetut Knapernummen ampumahaudat luokitellaan muinaisj\u00e4\u00e4nn\u00f6ksiksi. Ne olivat osa ven\u00e4l\u00e4isten ensimm\u00e4isen maailmansodan aikana Pohjanlahden rannikolle rakennuttamaa linnoitusketjua, joka oli tarkoitettu turvaamaan valtakuntaa saksalaisten maihinnousun varalta. Vuosien 2002-2003 aikana osa linnoitusrakennelmista kunnostettiin ja ennallistettiin Luvia Seor ry:n aloitteesta ja Porin Prikaatiin kuuluvan Satakunnan pioneeripataljoonan sek\u00e4 Museoviraston toimesta. Ampumahaudat sijaitsevat Knapernummen m\u00e4en p\u00e4\u00e4ll\u00e4\u00a0Vanhan Porintielt\u00e4 l\u00e4htev\u00e4n Niemenpolun varressa<\/p>\n","protected":false},"excerpt":{"rendered":"<p>Vuosina 1915-1916 rakennetut Knapernummen ampumahaudat luokitellaan muinaisj\u00e4\u00e4nn\u00f6ksiksi. Ne olivat osa ven\u00e4l\u00e4isten ensimm\u00e4isen maailmansodan aikana Pohjanlahden rannikolle rakennuttamaa linnoitusketjua, joka oli tarkoitettu turvaamaan valtakuntaa saksalaisten maihinnousun varalta. Vuosien 2002-2003 aikana osa linnoitusrakennelmista kunnostettiin ja ennallistettiin Luvia Seor ry:n aloitteesta ja Porin Prikaatiin kuuluvan Satakunnan pioneeripataljoonan sek\u00e4 Museoviraston toimesta. Ampumahaudat sijaitsevat Knapernummen m\u00e4en p\u00e4\u00e4ll\u00e4\u00a0Vanhan Porintielt\u00e4 l\u00e4htev\u00e4n Niemenpolun&hellip; <a href=\"http:\/\/www.luviaseor.com\/?page_id=57\">Continue reading&#8230;<\/a><\/p>\n","protected":false},"author":1,"featured_media":22,"parent":0,"menu_order":0,"comment_status":"closed","ping_status":"closed","template":"","meta":{"footnotes":""},"class_list":["post-57","page","type-page","status-publish","has-post-thumbnail","hentry"],"_links":{"self":[{"href":"http:\/\/www.luviaseor.com\/index.php?rest_route=\/wp\/v2\/pages\/57","targetHints":{"allow":["GET"]}}],"collection":[{"href":"http:\/\/www.luviaseor.com\/index.php?rest_route=\/wp\/v2\/pages"}],"about":[{"href":"http:\/\/www.luviaseor.com\/index.php?rest_route=\/wp\/v2\/types\/page"}],"author":[{"embeddable":true,"href":"http:\/\/www.luviaseor.com\/index.php?rest_route=\/wp\/v2\/users\/1"}],"replies":[{"embeddable":true,"href":"http:\/\/www.luviaseor.com\/index.php?rest_route=%2Fwp%2Fv2%2Fcomments&post=57"}],"version-history":[{"count":7,"href":"http:\/\/www.luviaseor.com\/index.php?rest_route=\/wp\/v2\/pages\/57\/revisions"}],"predecessor-version":[{"id":141,"href":"http:\/\/www.luviaseor.com\/index.php?rest_route=\/wp\/v2\/pages\/57\/revisions\/141"}],"wp:featuredmedia":[{"embeddable":true,"href":"http:\/\/www.luviaseor.com\/index.php?rest_route=\/wp\/v2\/media\/22"}],"wp:attachment":[{"href":"http:\/\/www.luviaseor.com\/index.php?rest_route=%2Fwp%2Fv2%2Fmedia&parent=57"}],"curies":[{"name":"wp","href":"https:\/\/api.w.org\/{rel}","templated":true}]}}