{"id":42,"date":"2016-02-05T06:30:26","date_gmt":"2016-02-05T06:30:26","guid":{"rendered":"http:\/\/www.luviaseor.com\/?page_id=42"},"modified":"2026-03-13T06:04:30","modified_gmt":"2026-03-13T06:04:30","slug":"julkaisutoiminta","status":"publish","type":"page","link":"http:\/\/www.luviaseor.com\/?page_id=42","title":{"rendered":"Julkaisutoiminta"},"content":{"rendered":"<p>Yksi seuramme perusteht\u00e4vist\u00e4 on aina ollut kaikenlainen julkaisutoiminta. Erityisesti Luvian historia on tullut kiitett\u00e4v\u00e4sti tuotannossa esille. Jatkossa pyrimme julkaisemaan muunkinlaisia kirjoja kuin historiateoksia.<br \/>\nJos omaat kirjoittajan lahjoja ja p\u00f6yt\u00e4laatikostasi l\u00f6ytyy Luvia-aiheisia kirjoituksia, niin ota meihin yhteytt\u00e4.<\/p>\n<p><strong><span style=\"color: #0000ff;\">Kirjoja myyd\u00e4\u00e4n kotiseutumuseolla sen aukioloaikoina ja Luvian Kukassa. Kirjoja myy my\u00f6s Terttu Aho ( <a href=\"mailto:ahonterttu@gmail.com\" target=\"_blank\" rel=\"noopener noreferrer\" data-auth=\"NotApplicable\" data-linkindex=\"0\">ahonterttu@gmail.com<\/a>) puh.0405193052. H\u00e4nen kauttaan my\u00f6s postimyyntin\u00e4.<\/span><\/strong><\/p>\n<p><strong>Myynniss\u00e4 olevat kirjat ja tuotteet<\/strong><\/p>\n<p><strong><span style=\"color: #0000ff;\">Omalla maallaan, kyl\u00e4kuvaaja Hanna Heinil\u00e4 25\u20ac<\/span><\/strong><\/p>\n<p><span style=\"color: #0000ff;\"> (<span style=\"color: #000000;\">saatavana Terttu Aholta)<\/span><\/span>Sata vuotta sitten Luvialla el\u00e4nyt kyl\u00e4kuvaaja Hanna Heinil\u00e4 oli itseoppinut varhainen harrastajakuvaaja, joka kuvasi maisemia ja ihmisi\u00e4 ainutlaatuisella, taiteellisella otteella. Sattumalta l\u00f6ytyneiss\u00e4 ja t\u00e4p\u00e4r\u00e4sti h\u00e4vitykselt\u00e4 pelastuneissa h\u00e4mm\u00e4stytt\u00e4viss\u00e4 valokuvissa n\u00e4kyy koko el\u00e4m\u00e4n kirjo lapsuudesta kuolemaan ja kyl\u00e4n ensimm\u00e4isist\u00e4 traktoreista purjealuksiin. Heinil\u00e4n kuvista v\u00e4littyy mennyt kulttuurimaisema, perhesuhteiden merkityksellisyys, juhlat ja tavallinen arki puutarhoineen ja naisten t\u00f6ineen. Parhaimmillaan Heinil\u00e4 otti ajalleen ep\u00e4tyypillist\u00e4 l\u00e4mp\u00f6\u00e4 huokuvia ja henke\u00e4salpaavan kauniita valokuvia, joiden sommittelu on kekseli\u00e4st\u00e4 ja joiden asetelmissa on leikkisyytt\u00e4 ja huumoria. Kustantajina Luvia Seor yhteisty\u00f6ss\u00e4 Rauman Taidemuseon kanssa, 96 sivua.<\/p>\n<p><span style=\"color: #0000ff;\"><strong>\u00a0V\u00e4rityskirja, 5\u20ac\u00a0<\/strong><\/span><\/p>\n<p>V\u00e4rityskirjabuumi on ylimmill\u00e4\u00e4n ja erilaisia v\u00e4rityskirjojen aiheita on tarjolla aikuisten mielenrauhan s\u00e4ilytt\u00e4misest\u00e4 aina Kalevalan esittelemiseksi. T\u00e4h\u00e4n buumiin piskuinen Luvia vastaa omalla lapsille suunnatulla v\u00e4rityskirjalla. Sopii erinomaisesti aikuisillekin.<\/p>\n<p>V\u00e4rityskirjan aiheena on luvialainen maisema ja perinne. Kirja on tehty yhteisty\u00f6ss\u00e4 Luvia Seorin, kunnan vapaa-aikatoimen Maija Penttil\u00e4n ja Marjo\u00a0Heinon kanssa. Piirrokset ovat ammattitaiteilija Marjo Heinon k\u00e4sialaa. Luvialla asuva Heino toimii l\u00e4\u00e4nintaiteilijana Satakunnassa. V\u00e4rityskirja on tekstitetty kokonaan my\u00f6s ruotsiksi. Kirjan avulla halutaan tukea ruotsinkielen asemaa kuntalaisten keskuudessa ja varhaiskasvatuksessa. T\u00e4t\u00e4 uutuusteosta on tukenut Svenska Kulturfondet i Bj\u00f6rneborg.<\/p>\n<p><span style=\"color: #0000ff;\"><strong>RANIKKOPIT\u00c4J\u00c4 -luvilaissi tarinoit ja kuvi (2010)<\/strong><\/span><br \/>\n&#8221;Rannikkopit\u00e4j\u00e4- kirja vie lukijansa Satakunnassa Selk\u00e4meren rannalla sijaitsevan Luvian sielunmaisemaan. Tarinat ja kuvat etenev\u00e4t maankohoamisilmi\u00f6n lailla tuulisilta ulkokareilta sis\u00e4maahan laajan ja viljavan peltolakeuden partaille.<br \/>\nLuvialaisuuden perusasioihin menn\u00e4\u00e4n Kyllikki Wahlstr\u00f6min el\u00e4m\u00e4nmakuisten murretarinoiden ja Matti Luotolan hienojen kuvien my\u00f6t\u00e4&#8221; Teksti ja kuvat muodostavat mielenkiintoisen j\u00e4nitteen menneen ja modernin nykyajan v\u00e4lille.T\u00e4m\u00e4 107 sivuinen kovakantinen teos sopii hyvin lahjakirjaksi<br \/>\nMyynniss\u00e4 kotiseutumuseolla (kes\u00e4kuukausina museon ollessa auki) tai kirjaa voi kysy\u00e4 my\u00f6s Terttu Aholta (p. 040-5193052 tai terttu.aho@pp.inet.fi). Hinta on 15\u20ac<\/p>\n<p><span style=\"color: #0000ff;\"><strong>Luvian merenkulun historia (Lasse Wahlroos), 20\u20ac<\/strong><\/span><\/p>\n<p><span style=\"color: #0000ff;\"><strong>Ollui ja mennyi Luvialt 10 \u20ac<\/strong><\/span><\/p>\n<p><span style=\"color: #0000ff;\"><strong>Luvialahden partailt 20\u20ac\u00a0<\/strong><\/span><\/p>\n<p><span style=\"color: #0000ff;\"><strong>Sotiemme veteraanit 20\u20ac<\/strong><\/span><\/p>\n<p>Muut tuotteet:<br \/>\nLuvianukke 32\u20ac<br \/>\nR\u00e4\u00e4kipaattijuliste 5\u20ac<\/p>\n","protected":false},"excerpt":{"rendered":"<p>Yksi seuramme perusteht\u00e4vist\u00e4 on aina ollut kaikenlainen julkaisutoiminta. Erityisesti Luvian historia on tullut kiitett\u00e4v\u00e4sti tuotannossa esille. Jatkossa pyrimme julkaisemaan muunkinlaisia kirjoja kuin historiateoksia. Jos omaat kirjoittajan lahjoja ja p\u00f6yt\u00e4laatikostasi l\u00f6ytyy Luvia-aiheisia kirjoituksia, niin ota meihin yhteytt\u00e4. Kirjoja myyd\u00e4\u00e4n kotiseutumuseolla sen aukioloaikoina ja Luvian Kukassa. Kirjoja myy my\u00f6s Terttu Aho ( ahonterttu@gmail.com) puh.0405193052. H\u00e4nen kauttaan my\u00f6s&hellip; <a href=\"http:\/\/www.luviaseor.com\/?page_id=42\">Continue reading&#8230;<\/a><\/p>\n","protected":false},"author":1,"featured_media":0,"parent":0,"menu_order":0,"comment_status":"closed","ping_status":"closed","template":"","meta":{"footnotes":""},"class_list":["post-42","page","type-page","status-publish","hentry"],"_links":{"self":[{"href":"http:\/\/www.luviaseor.com\/index.php?rest_route=\/wp\/v2\/pages\/42","targetHints":{"allow":["GET"]}}],"collection":[{"href":"http:\/\/www.luviaseor.com\/index.php?rest_route=\/wp\/v2\/pages"}],"about":[{"href":"http:\/\/www.luviaseor.com\/index.php?rest_route=\/wp\/v2\/types\/page"}],"author":[{"embeddable":true,"href":"http:\/\/www.luviaseor.com\/index.php?rest_route=\/wp\/v2\/users\/1"}],"replies":[{"embeddable":true,"href":"http:\/\/www.luviaseor.com\/index.php?rest_route=%2Fwp%2Fv2%2Fcomments&post=42"}],"version-history":[{"count":26,"href":"http:\/\/www.luviaseor.com\/index.php?rest_route=\/wp\/v2\/pages\/42\/revisions"}],"predecessor-version":[{"id":320,"href":"http:\/\/www.luviaseor.com\/index.php?rest_route=\/wp\/v2\/pages\/42\/revisions\/320"}],"wp:attachment":[{"href":"http:\/\/www.luviaseor.com\/index.php?rest_route=%2Fwp%2Fv2%2Fmedia&parent=42"}],"curies":[{"name":"wp","href":"https:\/\/api.w.org\/{rel}","templated":true}]}}